j(1).
2, 3, 1951
Let x(b) be the second derivative of -7*b**5/60 - b**4/8 + 22*b**3/3 + 40*b. Let n(t) be the second derivative of x(t). What are the prime factors of n(-2)?
5
What are the prime factors of 27985986/12950 - 2/50*2?
2161
Let k be (-204)/(-84) - 6/14. Let h(j) = -j + 0*j + 4*j - k. List the prime factors of h(23).
67
Let s(a) be the second derivative of -a**4/6 + 26*a**3/3 - 33*a**2/2 + 175*a. What are the prime factors of s(17)?
3, 7, 13
Let v(r) = 9*r**2 - 11*r - 2. Suppose -2*x = 2*d - 4, -4*x - 5 = -3*x. What are the prime factors of v(d)?
2, 181
Suppose 7 - 155 = -4*y - 2*h, 2*y - 82 = h. Let a = -24 - y. Let k = 103 + a. List the prime factors of k.
2, 5
Let o(g) = 9*g - 4. Let w be o(1). Suppose 3*v = -y + 663, -y - 266 = w*v - 1373. What are the prime factors of v?
2, 3, 37
Suppose 28*y - 33952 = 9606 + 251366. What are the prime factors of y?
3, 3511
Suppose -5*t - 985 = -6*t. Let f = 2977 - t. Suppose -11*p + f = -3*p. List the prime factors of p.
3, 83
Suppose 3*n = -2*r + 859, 5*n - 872 = r + 538. Suppose i - n = 2*g, -12 = 4*g - 0. What are the prime factors of i?
277
Suppose 12 = -2*j + 5*j. Suppose 0*b = -b + l, -l - 9 = -j*b. List the prime factors of 1 + -1 - (b - 52).
7
Let h(i) = -28*i + 378. Let w(m) = -9*m + 126. Let p(a) = -4*h(a) + 11*w(a). What are the prime factors of p(13)?
43
Let n(w) = 5*w**3 - 176*w**2 + 4*w + 115. What are the prime factors of n(36)?
5443
Let q be (-2)/(21/7 + (-22)/6). Suppose -5*c = -1 + 16, 0 = q*n + 2*c + 27. What are the prime factors of 1278/(-24)*(n - 0 - -3)?
3, 71
Suppose 18*j = 13*j + 37690. What are the prime factors of j?
2, 3769
Let a be 2/(((-36)/(-135))/(1108/10)). Let j = a + -485. Let o = j - 237. What are the prime factors of o?
109
Suppose -5*y - 32 = -7, 4*y + 520 = 4*q. Let k = q - 127. What are the prime factors of (4 + -3 - 1) + k + 142?
2, 5, 7
Let c = 32213 + -2757. What are the prime factors of c?
2, 7, 263
Let a be (19 - 3) + -5 + 2 + 2. Let o be (-2)/(-7) - (-4 - a/21). Let t(j) = -j**3 + 11*j**2 - 11*j + 7. List the prime factors of t(o).
2, 3, 17
Suppose -26*s + 4465 + 1359 = 0. What are the prime factors of s?
2, 7
Let k = 4 - 0. Let q be (k/6)/((-2)/(-90)). What are the prime factors of 3/(-15)*-2*q?
2, 3
Let j(d) = d**2 + 5*d - 16. Let q be j(4). Let c(y) = 3*y**2 - 42*y - 19. List the prime factors of c(q).
11, 31
Suppose 30*g - 2*a - 24525 = 25*g, -5*g + 24510 = -5*a. What are the prime factors of g?
7, 701
Let o = -499 - -340. Let c(t) = -367*t - 2. Let x be c(1). Let u = o - x. List the prime factors of u.
2, 3, 5, 7
List the prime factors of (-4215 + -2)*15/(-2 + -1).
5, 4217
Let f = 93 + -77. Let r be 24/9 - (-2 - f/(-6)). Let j(s) = 8*s - 7. List the prime factors of j(r).
3
Suppose -13*c + 16*c + 5*g - 10799 = 0, -4*g = -3*c + 10790. List the prime factors of c.
2, 7, 257
Let w be 12014/10 - ((-234)/65 - -3). List the prime factors of w - ((-6)/18 + 12/9).
1201
Suppose -2*h - 2*b + 54288 = 0, 3*b - 54291 = 263*h - 265*h. What are the prime factors of h?
3, 83, 109
Let f be 2 + (-3)/2 + (-5)/(-10). Let p(t) = -40*t + 103*t - f - 1 - 25*t. List the prime factors of p(3).
2, 7
Let c = 82 - 79. Suppose 4*l = -2*a - 10, -3*a - 1 = c*l - 4*l. Let w(o) = -214*o - 1. List the prime factors of w(a).
3, 71
Let j = 14 - 12. Suppose j = 2*y - 6. Suppose y*s + 8 = 436. What are the prime factors of s?
107
Let i(s) = s**2 + s. Let r be i(2). Let x(l) be the first derivative of l**2/2 + 32*l - 106. What are the prime factors of x(r)?
2, 19
Suppose -5*d - 20 = 0, 90696 + 28917 = 5*v - 2*d. What are the prime factors of v?
19, 1259
Let y(a) = 2445*a + 346. What are the prime factors of y(11)?
27241
Let x = -4622 + 6880. Let d = x + -662. What are the prime factors of d?
2, 3, 7, 19
Let i be (4/2)/((-12)/15)*-2. Let g(u) = -98*u**3 + 3*u**2 - 1. Let h be g(-2). Suppose 5*j = -i*n + h, 3*n - 2*j - 3*j - 453 = 0. List the prime factors of n.
2, 3, 13
Suppose -2*g - 4 = 3*s, -2*s + g + 0 = -2. Let z(l) be the first derivative of -l**3/3 - l**2 + 75*l - 367. List the prime factors of z(s).
3, 5
Let g be (-48)/(-9)*3*2/4. Let x = g + -4. List the prime factors of (6/(-5))/(x - 2710/675).
3
Let p be (-240)/(-210) - 40/(-14). Suppose -3*k + p*y + 809 = 8, -y - 3 = 0. What are the prime factors of k?
263
Let d = 68092 - 36656. What are the prime factors of d?
2, 29, 271
Suppose -5*z - 7360 = -0*o + 5*o, -5*o = 3*z + 4406. Let h = 2529 + z. List the prime factors of h.
2, 263
Suppose -8*f + 16 = -9*f. Let c be -2*(-2)/(f/(-60)). List the prime factors of ((-115)/c + (-8)/(-12))*-9.
3, 7
Let u(s) = -5*s**2 + 120*s - s**2 + 18 - 130*s - 3*s**2. Let o be u(5). Let a = -146 - o. List the prime factors of a.
3, 37
Let o = 9661 - 6064. What are the prime factors of o?
3, 11, 109
Let a = -6425 - -24238. List the prime factors of a.
47, 379
Let t(i) = 23*i**2 - 6*i + 7. Let k be t(5). Suppose 0 = -205*m + 16445 + 9590. Suppose -2*u + k = 4*a + u, a - 2*u - m = 0. What are the prime factors of a?
3, 5
Let i be -4 + 1/3 + 1555/15. What are the prime factors of 3*i/6 + (-1 - -3)?
2, 13
Let s be (2 - (1 - -1382)) + -6. Let x = -661 - s. What are the prime factors of x?
2, 3, 11
Let s(m) be the third derivative of -m**4 + m**3/3 + 947*m**2. Let p = 5 - 9. What are the prime factors of s(p)?
2, 7
Let j = -65 + 480. Suppose -200 = -3*d + j. What are the prime factors of d?
5, 41
Let o(f) be the second derivative of -3*f**5/20 - f**4/6 + f**3 + 53*f**2/2 - 38*f. List the prime factors of o(-6).
593
Suppose 9 + 313 = 14*l. Suppose 26*n - l*n = 1053. List the prime factors of n.
3, 13
Let p(u) = u + 10. Let i be p(-7). Let x = 367 + -370. List the prime factors of (x/i + -2)/(15/(-320)).
2
Let u be (-11)/(-2) + (-2)/4. Suppose k = -3*a + a - 1, -u*a = 3*k. Suppose 3*b - 3*l - 297 = 0, -k*b - l = l - 516. List the prime factors of b.
2, 3, 17
Let r(o) be the first derivative of 32*o**3/3 - 2*o**2 - 14*o - 54. What are the prime factors of r(-4)?
2, 257
Suppose 0 = -7*i + 79 - 16. Let h(f) = f**3 - 8*f**2 + 7*f + 9. List the prime factors of h(i).
3, 17
Let x be (-2)/(-15) + (-13250202)/315. List the prime factors of (9/(-4))/(66/x).
2, 3, 239
Let s = 38889 + -27421. List the prime factors of s.
2, 47, 61
Suppose 0 = 19*k - 22*k + 6. What are the prime factors of (-4 - -16)/(5/20*k)?
2, 3
Let o(h) = 31*h**3 + 7*h**2 - 46*h - 3. List the prime factors of o(8).
41, 389
Let p = -13135 - -16855. List the prime factors of p.
2, 3, 5, 31
Let c(d) = 20*d**3 - d**2 + 11*d - 34. Let r be c(3). Suppose -r*q + 4851 = -519*q. What are the prime factors of q?
3, 7
Let t(n) = -3*n + 27. Let w be t(-17). Let f(x) = -w*x + 39*x + 1 + 45*x + 30*x. List the prime factors of f(5).
181
Let n be ((-1)/(-3))/((-1)/(-687)). Suppose -43*t = -47*t + 2*q - 348, -5*t = -q + 438. Let r = n + t. List the prime factors of r.
3, 47
Let j(v) = -v**2 + 79*v + 313. Let b be 4*38/4*12/8. What are the prime factors of j(b)?
1567
Let x be ((-15)/12)/(-5) + (-8)/32. Suppose 4*y = o + 25, -2*y + x*y = -2*o - 20. Suppose y*l = 6*l - 168. List the prime factors of l.
2, 3, 7
Let o = 32 - 30. Let x be o - 3/1*4/(-6). Suppose 5*r - 114 = -2*q, r + 0 = -x*q + 246. What are the prime factors of q?
2, 31
Let g(u) = 3*u**2 + 13*u - 4. Let k be g(-5). Suppose -4*n = -k*n + 184. List the prime factors of n.
2, 23
Let f = 41 + -78. Let u = 39 + f. Suppose -3*b = -5*i + 317, u*b = 6*b - 4. What are the prime factors of i?
2
Suppose 2*n - 47760 = -3*w, -1026*w = -1024*w - 4. List the prime factors of n.
3, 7, 379
Let p be 0/(((-3)/9)/((-8)/(-48))). What are the prime factors of 575 - (-1 - p*3/6)?
2, 3
Let n = -580 + 343. Let h(u) = 332*u**2 + 3*u + 4. Let r be h(-1). Let x = n + r. List the prime factors of x.
2, 3
Let y = -5375 - -11291. List the prime factors of y.
2, 3, 17, 29
Let x be (2 - -3)*(159/15 - -1). Let g = 95 + x. What are the prime factors of g?
3, 17
Let u = -18 + 21. Suppose u*d - f = 70, f = -3*d + 3*f + 65. Suppose d*p = 31*p - 1230. List the prime factors of p.
5, 41
Suppose 3*a + 1250 = 5*l, 0 = 2*a + a - 15. Let s(i) = 16*i + 34. Let u be s(-11). Let g = u + l. List the prime factors of g.
3, 37
Let i be (-2)/((-232)/(-118) + -2). Suppose 0 = -j + 10 + i. What are the prime factors of j?
3, 23
Suppose -30*a = -28